alse
Is 11110718573 a composite number?
False
Is 32568328643 prime?
True
Is 194028909 prime?
False
Is 22091021 prime?
True
Is 9689261707 composite?
True
Is 2990378093 a composite number?
True
Is 93620702749 prime?
False
Is 902786909 a prime number?
False
Is 37810003013 a prime number?
True
Is 805912841 a prime number?
True
Is 272146627 a prime number?
True
Is 9504199727 a prime number?
False
Is 101120293 a prime number?
True
Is 392442367 a prime number?
False
Is 95451057371 composite?
False
Is 111811151 a prime number?
False
Is 18140926313 a prime number?
False
Is 476843239 composite?
False
Is 14850668659 prime?
True
Is 1726276231 a composite number?
True
Is 87155933867 composite?
True
Is 163038571879 prime?
True
Is 1401819329 a prime number?
False
Is 4291796191 a composite number?
False
Is 107617583 prime?
True
Is 13799181647 prime?
False
Is 21797209199 composite?
True
Is 23733310351 prime?
True
Is 61973481131 a prime number?
True
Is 3987677 a prime number?
True
Is 9056063473 a composite number?
False
Is 1644475577 a composite number?
False
Is 31989621553 prime?
False
Is 4923345961 a composite number?
False
Is 649037659 composite?
False
Is 3136235857 prime?
True
Is 874904177 a composite number?
True
Is 428024383 prime?
False
Is 25523283077 a composite number?
False
Is 272220911 prime?
True
Is 44309619877 a prime number?
False
Is 1132917839 composite?
True
Is 6462604019 a composite number?
False
Is 34046407853 prime?
False
Is 114217214 prime?
False
Is 3609003169 a composite number?
True
Is 6645335133 composite?
True
Is 1169848219 a prime number?
False
Is 60994254107 a composite number?
False
Is 10877630857 a prime number?
False
Is 23414711999 a prime number?
False
Is 21177293969 a prime number?
False
Is 1848812027 composite?
False
Is 219458669 composite?
True
Is 386823779877 a composite number?
True
Is 1432858543 composite?
False
Is 53733510949 a composite number?
False
Is 917596223 a composite number?
False
Is 34488759413 a composite number?
False
Is 13319029663 a composite number?
False
Is 159121271 a prime number?
True
Is 4886385059 composite?
True
Is 54519304231 a prime number?
False
Is 24652669753 composite?
False
Is 2134579417 prime?
True
Is 5992753411 composite?
True
Is 731899747 a composite number?
True
Is 48431748143 a composite number?
False
Is 804315443 prime?
False
Is 257368906 composite?
True
Is 1533893573 a prime number?
True
Is 83612354677 prime?
True
Is 448475353 a prime number?
False
Is 13693877 a prime number?
False
Is 107189911 prime?
False
Is 37493793617 a prime number?
False
Is 718875061 prime?
True
Is 5878786 composite?
True
Is 19120049327 composite?
False
Is 11360292887 a composite number?
False
Is 436702877 a prime number?
False
Is 29479122341 composite?
True
Is 9823048705 composite?
True
Is 2765221903 composite?
False
Is 1010227073 a prime number?
False
Is 64478330333 composite?
False
Is 4744962319 composite?
True
Is 189110119 a composite number?
True
Is 403298033 a prime number?
True
Is 1782428633 a composite number?
False
Is 35390107853 a composite number?
False
Is 233750257 composite?
True
Is 6072949093 a prime number?
True
Is 287378651 prime?
False
Is 153999907823 a composite number?
False
Is 1463575331 composite?
False
Is 3095677427 composite?
True
Is 8926112729 a composite number?
False
Is 48834936589 prime?
True
Is 983407939 composite?
True
Is 2587375579 a composite number?
True
Is 2566426453 a composite number?
False
Is 155104109 prime?
False
Is 27065803469 composite?
True
Is 476313403 composite?
True
Is 2788507 prime?
False
Is 500567903 a prime number?
False
Is 202907904517 prime?
False
Is 529437991 prime?
True
Is 1260006173 a composite number?
False
Is 2372591597 a composite number?
True
Is 2213331511 composite?
False
Is 5284837157 composite?
True
Is 2551347847 composite?
False
Is 86744457217 a composite number?
True
Is 5292016177 a composite number?
True
Is 131853949463 composite?
True
Is 11416658707 a prime number?
True
Is 14340869993 composite?
False
Is 54900647 a composite number?
False
Is 3926852729 prime?
False
Is 465121562 composite?
True
Is 1043198573 a prime number?
True
Is 299351567 composite?
True
Is 100949629 composite?
True
Is 1413037214 prime?
False
Is 720343069 prime?
False
Is 28813244483 composite?
False
Is 727789687 prime?
False
Is 946023203 prime?
True
Is 1939032521 a prime number?
True
Is 71159783 prime?
True
Is 91328090159 a prime number?
False
Is 467990651 composite?
False
Is 935618435101 composite?
True
Is 394554353 a prime number?
False
Is 872684543 a prime number?
True
Is 2916039809 a prime number?
False
Is 32986711607 prime?
False
Is 6127894247 a composite number?
False
Is 997852333 a prime number?
True
Is 57160367 prime?
False
Is 24168430789 a prime number?
True
Is 35737120987 composite?
True
Is 14509499555 a composite number?
True
Is 22547281529 a prime number?
True
Is 129364990133 a composite number?
False
Is 1923228227 a prime number?
False
Is 5844110599 a composite number?
True
Is 10293320519 composite?
False
Is 111876269393 prime?
False
Is 264116101 a composite number?
True
Is 32920308457 composite?
True
Is 5697148811 prime?
True
Is 7935184177 prime?
True
Is 172150753 prime?
True
Is 71890966889 prime?
False
Is 3986821733 a prime number?
False
Is 17217393463 a composite number?
False
Is 58679413357 a prime number?
True
Is 225751277 prime?
True
Is 27541277893 composite?
False
Is 254123899 a composite number?
True
Is 1215931601 composite?
False
Is 264713039 a composite number?
True
Is 2829696587 prime?
True
Is 1376305697 a prime number?
False
Is 7745186947 composite?
True
Is 15715264291 prime?
True
Is 526644821 composite?
True
Is 9935738063 a composite number?
False
Is 28545169357 a prime number?
False
Is 8189190929 a prime number?
True
Is 100122423131 prime?
True
Is 15753586337 a composite number?
True
Is 1921197151 prime?
False
Is 235987307 composite?
False
Is 14584455881 composite?
True
Is 6692558219 a composite number?
False
Is 328816171 a prime number?
False
Is 6704727431 a composite number?
False
Is 416126929 composite?
True
Is 3216695653 composite?
True
Is 2323705517 a composite number?
True
Is 203395165 a prime number?
False
Is 1019039023 a prime number?
True
Is 37249870831 a composite number?
False
Is 315300341 a prime number?
False
Is 572563943 composite?
True
Is 32803673141 prime?
True
Is 6187719989 a prime number?
False
Is 269693909 composite?
True
Is 982561857 a prime number?
False
Is 16743120689 a prime number?
True
Is 1219769797 composite?
True
Is 4274960059 a composite number?
True
Is 469630279 a prime number?
True
Is 1514175539 prime?
True
Is 170073077 a composite number?
False
Is 33614413233 prime?
False
Is 5101356607 a prime number?
False
Is 128396353 prime?
True
Is 68563182449 prime?
True
Is 54042106501 a prime number?
False
Is 3300174841 composite?
False
Is 24917827331 a composite number?
True
Is 14062366987 composite?
True
Is 5030425597 composite?
True
Is 401179739 a prime number?
True
Is 77773133 prime?
True
Is 528717461 a composite number?
False
Is 12483861931 prime?
True
Is 598404341 a composite number?
True
Is 160428272755 prime?
False
Is 1345168963 prime?
True
Is 3054544681 prime?
False
Is 45707260127 a composite number?
True
Is 8278721057 composite?
False
Is 13619628397 a prime number?
True
Is 2115378791 composite?
True
Is 1036303427 composite?
False
Is 628368403 prime?
False
Is 504544553 a composite number?
False
Is 1134100586 a composite number?
True
Is 2392996213 composite?
False
Is 688839153 a prime number?
False
Is 2467818233 a composite number?
False
Is 8450199467 composite?
False
Is 2226651569 a composite number?
False
Is 360772519 composite?
True
Is 9841972345 prime?
False
Is 1182867967 prime?
False
Is 2830859741 a composite number?
False
Is 88576304737 composite?
False
Is 606797678 a composite number?
True
Is 4934733781 composite?
True
Is 945475961 composite?
True
Is 437236717 a prime number?
True
Is 424798651 prime?
True
Is 36883181863 prime?
False
Is 1234578391 a composite number?
False
Is 2374466813 a prime number?
True
Is 15159683053 composite?
False
Is 76126681 composite?
False
Is 2174376079 composite?
False
Is 113385577 composite?
False
Is 92210369 prime?
False
Is 412096939 a composite number?
False
Is 5875256113 a composite number?
F